{"id":59,"date":"2014-12-14T22:00:23","date_gmt":"2014-12-15T03:00:23","guid":{"rendered":"http:\/\/iluminatuser.com\/?page_id=59"},"modified":"2014-12-17T21:32:11","modified_gmt":"2014-12-18T02:32:11","slug":"sanacion-a-distancia-distance-healing","status":"publish","type":"page","link":"https:\/\/iluminatuser.com\/?page_id=59","title":{"rendered":"SANACI\u00d3N A DISTANCIA \/ DISTANCE HEALING"},"content":{"rendered":"<h2 style=\"text-align: justify;\"><span style=\"color: #000080;\"><strong>Las sesiones de sanaci\u00f3n a distancia son llevadas en la comodidad y privacidad de su propio hogar, oficina, etc.; dura treinta minutos. Recomiendo que durante la sesi\u00f3n se trate de estar en un ambiente de paz sin interrupciones y que el cliente este abierto a que la energ\u00eda fluya.<\/strong><\/span><\/h2>\n<h2 style=\"text-align: justify;\"><span style=\"color: #000080;\"><strong>Por favor proveer la siguiente informaci\u00f3n antes de su sesi\u00f3n a distancia:<\/strong><br \/>\n<\/span><\/h2>\n<h2 style=\"text-align: justify;\"><span style=\"color: #000080;\"><strong>Autorizaci\u00f3n escrita via email<br \/>\nEl acuerdo de descargo firmado (Favor bajar el adjunto)<br \/>\nD\u00eda y hora de su sesi\u00f3n<br \/>\nSu n\u00famero de tel\u00e9fono<br \/>\nDescripci\u00f3n breve de sus dolencias, s\u00edntomas (f\u00edsicos, emocionales, etc.) \u00a0<\/strong><\/span><\/h2>\n<h2 style=\"text-align: justify;\"><span style=\"color: #000080;\"><strong>Una vez que haya recibido toda la informaci\u00f3n solicitada inclu\u00eddo el pago, me contactar\u00e9 con usted para confirmar y agendar la hora y d\u00eda de su sesi\u00f3n.<\/strong><\/span><\/h2>\n<h2 style=\"text-align: justify;\"><span style=\"color: #000080;\"><strong>Al finalizar la sesi\u00f3n hablaremos de lo bien que usted se siente, generalmente se relajar\u00e1 profundamente e incluso se dormir\u00e1, adem\u00e1s estar\u00e1 muy energizado y alegre. \u00a0Cada experiencia es \u00fanica.\u00a0<\/strong><\/span><\/h2>\n<h2 style=\"text-align: justify;\"><span style=\"color: #000080;\"><strong>Estar\u00e9 gustoso de ayudarle en su proceso de sanaci\u00f3n y bienestar. \u00a0<\/strong><\/span><\/h2>\n<h2 style=\"text-align: justify;\"><span style=\"color: #000080;\"><strong>Descargo: \u00a0Pese a que \u00a0Quantum Touch<sup>\u00ae<\/sup>\u00a0es altamente efectivo en promover m\u00e1xima sanaci\u00f3n por medio de t\u00e9cnicas hol\u00edsticas, no significa que en\u00a0ocasiones\u00a0no ser\u00e1 suficiente para ciertos\u00a0temas o problemas de salud.\u00a0<\/strong><strong>\u00a0<\/strong><strong>Quantum-Touch no es un substituto o reemplazo de cualquier pr\u00e1ctica m\u00e9dica calificada para el cuidado, diagn\u00f3stico o tratamiento de cualquier condici\u00f3n de salud.\u00a0<\/strong><\/span><br \/>\n<span style=\"color: #000080;\"><strong><br \/>\nLas sesiones pueden ser programadas v\u00eda tel\u00e9fono llamando +593 99 976 5999,\u00a0 Skype: iluminatuser, o por email a jleon@iluminatuser.com<\/strong><\/span><\/h2>\n<p><span style=\"color: #000080;\">\u00a0 \u00a0 \u00a0 \u00a0 \u00a0 \u00a0 \u00a0 \u00a0 \u00a0 \u00a0 \u00a0 \u00a0 \u00a0 \u00a0 \u00a0 \u00a0 \u00a0 \u00a0 \u00a0 \u00a0 \u00a0 \u00a0 \u00a0 \u00a0 \u00a0 \u00a0 \u00a0 \u00a0 \u00a0 \u00a0 \u00a0 \u00a0 \u00a0 \u00a0 \u00a0 &#8212;&#8212;&#8212;&#8212;&#8212;&#8212;&#8212;&#8212;&#8212;<\/span><\/p>\n<h2 style=\"text-align: justify;\"><span style=\"color: #008000;\"><strong>The distance healing sessions are given in the privacy and comfort of your own home, office, etc.; and\u00a0last thirty minutes. \u00a0I recommend during the session that you are in a peaceful environment where you will not be disturbed and be open to let the energy flow.<\/strong><\/span><\/h2>\n<h2 style=\"text-align: justify;\"><span style=\"color: #008000;\"><strong>Please provide the following information prior to your distant healing session:<\/strong><br \/>\n<\/span><\/h2>\n<h2 style=\"text-align: justify;\"><span style=\"color: #008000;\"><strong>Your written permission via email<br \/>\nThe disclaimer agreement signed (Please download)<br \/>\nDate and hour for your session<br \/>\nYour telephone number<br \/>\nA brief description of your illness \/complaints\/symptoms \u00a0(physical, emotional, etc)<\/strong><\/span><\/h2>\n<h2 style=\"text-align: justify;\"><span style=\"color: #008000;\"><strong>Once I receive these requested items, along with payment, I will be in contact with you to schedule\/confirm your session time.\u00a0<\/strong><\/span><\/h2>\n<h2 style=\"text-align: justify;\"><span style=\"color: #008000;\"><strong>You call immediately after the session to let me know how well you <\/strong><strong><strong>are feeling, often you reach a very calm and peaceful state\u00a0and maybe fall sleep, also you may become energized and joyful.\u00a0 Each experience is unique.<br \/>\n<\/strong><br \/>\n<\/strong><strong>I will be\u00a0pleased\u00a0to assist you in your healing and wellness.\u00a0<\/strong> <\/span><\/h2>\n<h2 style=\"text-align: justify;\"><span style=\"color: #008000;\">\u00a0<strong><br \/>\nDisclaimer:\u00a0 Although Quantum Touch is highly efectivein promoting maximum health and healing through alternative holistic means it may not be sufficientintervention\u00a0for some health related issues or concerns.\u00a0 Quantum Touch is not intended to be a substitute or replacement for qualified medical practitioners for the advice, care, diagnosis, or treatment of any health condition.<\/strong><\/span><\/h2>\n<h2 style=\"text-align: justify;\"><span style=\"color: #008000;\">Sessions are scheduled by appointment by calling \u00a0+593 99 976 5999, Skype: iluminatuser, or emailing at \u00a0<\/span><strong><a style=\"color: #008000;\" href=\"mailto:jleon@healingandcoaching4u.com\">jleon@iluminatuser.com<\/a><\/strong><\/h2>\n<h2 style=\"text-align: justify;\"><span style=\"color: #008000;\">\u00a0<\/span><\/h2>\n","protected":false},"excerpt":{"rendered":"<p>Las sesiones de sanaci\u00f3n a distancia son llevadas en la comodidad y privacidad de su propio hogar, oficina, etc.; dura treinta minutos. Recomiendo que durante la sesi\u00f3n se trate de estar en un ambiente de paz sin interrupciones y que el cliente este abierto a que la energ\u00eda fluya. Por favor proveer la siguiente informaci\u00f3n [&hellip;]<\/p>\n","protected":false},"author":1,"featured_media":0,"parent":30,"menu_order":3,"comment_status":"closed","ping_status":"closed","template":"","meta":{"jetpack_post_was_ever_published":false,"footnotes":""},"class_list":["post-59","page","type-page","status-publish","hentry"],"jetpack_sharing_enabled":true,"jetpack_shortlink":"https:\/\/wp.me\/P5sCK5-X","_links":{"self":[{"href":"https:\/\/iluminatuser.com\/index.php?rest_route=\/wp\/v2\/pages\/59","targetHints":{"allow":["GET"]}}],"collection":[{"href":"https:\/\/iluminatuser.com\/index.php?rest_route=\/wp\/v2\/pages"}],"about":[{"href":"https:\/\/iluminatuser.com\/index.php?rest_route=\/wp\/v2\/types\/page"}],"author":[{"embeddable":true,"href":"https:\/\/iluminatuser.com\/index.php?rest_route=\/wp\/v2\/users\/1"}],"replies":[{"embeddable":true,"href":"https:\/\/iluminatuser.com\/index.php?rest_route=%2Fwp%2Fv2%2Fcomments&post=59"}],"version-history":[{"count":4,"href":"https:\/\/iluminatuser.com\/index.php?rest_route=\/wp\/v2\/pages\/59\/revisions"}],"predecessor-version":[{"id":120,"href":"https:\/\/iluminatuser.com\/index.php?rest_route=\/wp\/v2\/pages\/59\/revisions\/120"}],"up":[{"embeddable":true,"href":"https:\/\/iluminatuser.com\/index.php?rest_route=\/wp\/v2\/pages\/30"}],"wp:attachment":[{"href":"https:\/\/iluminatuser.com\/index.php?rest_route=%2Fwp%2Fv2%2Fmedia&parent=59"}],"curies":[{"name":"wp","href":"https:\/\/api.w.org\/{rel}","templated":true}]}}